r + 2604 = 3*f, a*f + 4*r - 1263 = 2177. Is f a composite number?
False
Let b(r) = 9*r**2 - r + 7. Let z = 0 + -6. Is b(z) a composite number?
False
Let j(v) = 112*v + 19. Let q = 21 + -15. Is j(q) a composite number?
False
Let d(h) = -648*h + 119. Is d(-5) prime?
True
Suppose o - 130 = -o. Let r = o - 46. Is r composite?
False
Suppose 2*b + 917 = b. Let r = b - -3238. Is r a composite number?
True
Let p(z) = -44*z**2 - 3*z + 2. Let t be p(3). Let x = t - -1802. Is x composite?
False
Let q(s) = 3*s**3 + s - 7. Let k(m) = 7*m**3 - m**2 + 2*m - 15. Let r(v) = 4*k(v) - 9*q(v). Let j be r(4). Is (j + -2)/(-6)*62 a composite number?
False
Suppose 2 = v - 0*v. Suppose -h = x + 4*h - 984, 4851 = 5*x + v*h. Let l = 1648 - x. Is l a prime number?
False
Let c(i) = -11*i**3 - 8*i**2 + 4*i + 17. Let y be c(-7). Let t = 775 + y. Is t composite?
True
Let m(d) be the first derivative of d**3/3 - 11*d**2/2 + 20*d + 10. Let o(n) = -n**2 - n + 1. Let f(a) = m(a) - 6*o(a). Is f(8) a prime number?
False
Let l = 1132 + -697. Let u = 2609 - l. Is u a prime number?
False
Suppose -5*w + 1402 = -4*s, -w = -3*w + 3*s + 565. Let h = w - -525. Is h prime?
False
Let z(d) = 489*d + 66. Is z(7) prime?
False
Suppose -10*b - 28 = -12*b. Let n be (-1995)/4 + b/(-56). Is 0 - n - 0/(-3) composite?
False
Suppose k - 88875 = -4*k. Suppose -8*r + k = -1721. Is r composite?
False
Is 0 + -6 - (-220444)/28 prime?
True
Let a(n) = 1620*n**2 + 27*n - 78. Is a(3) prime?
False
Suppose 4*b = r - 2595, 0 = -2*r + 2*b - 1262 + 6428. Suppose -5*v - 884 = -r. Is v a composite number?
True
Suppose -2*j + 20 = 4*v, 3*j - 10 = -2*v - 2*j. Let p(m) = m**2 - 2*m - 1. Let o be p(-1). Suppose -o*g = -v*g + 741. Is g a composite number?
True
Suppose 4*x + 2 = 14. Suppose -9 = -2*y - 0*y + o, 4*o - 41 = -x*y. Suppose -2*p + y*p = 55. Is p composite?
False
Let x be (478/3)/(15/(-45)). Let o = 111 - x. Is o composite?
True
Let s(d) be the first derivative of 7*d**5/10 - d**4/12 + d**2 - 5*d - 4. Let z(w) be the first derivative of s(w). Is z(3) a prime number?
False
Let d(a) = -2109*a + 2. Let c be d(-2). Suppose -8*x + c = 2*x. Is x composite?
True
Let u be 178/11 + 4/(-22). Suppose z - 73 = -2*w, w = -4*z + 17 + u. Is w/(2*2/20) prime?
False
Let h = 23184 - -43657. Is h a composite number?
False
Suppose 0 = -2*v + 1 - 35. Let m = -21 - v. Is (-66)/m*(-22)/(-3) composite?
True
Let m(n) = n**2 + 2*n - 6. Let b be m(0). Is (-3065)/(-25) - -4 - b/15 a composite number?
False
Let f = -4133 + 1811. Let r = f - -6669. Let m = -2512 + r. Is m composite?
True
Suppose -6227 = 6*v - 60209. Is v a composite number?
True
Suppose -j - 2446 = -n, -n + 2*n = 3*j + 2452. Is n a composite number?
True
Let a = -5 - -10. Suppose 3*r - 1 - a = 0. Suppose 3*h - 37 = r*h. Is h composite?
False
Let m = -14 + 4. Let w be (-5)/2*8/m. Let r(y) = 278*y**2 + 4*y - 3. Is r(w) a composite number?
False
Let t(j) = 4*j**2 + 6*j + 9. Suppose 5*s - o - 122 = 2*o, -98 = -4*s + 2*o. Suppose -2*k - 3*k = s. Is t(k) prime?
True
Let s(w) be the third derivative of 4*w**5/15 + w**4/8 + 2*w**3/3 + 9*w**2. Is s(3) composite?
False
Suppose 4*l = 5*w + 2 - 98, -2*w = -4*l - 84. Let t = 408 + l. Is t prime?
True
Suppose 12*u - 26*u = -19138. Is u composite?
False
Let b be (22/4)/(5 - 111/22). Let o = b - -312. Is o composite?
False
Let u(x) = 30*x**2 - 17. Let i be u(4). Let c = -305 + i. Is c a composite number?
True
Let m(q) = q**3 + 2*q**2 - 5*q - 2. Let y be m(-3). Suppose -y*z - 29 = -5*v, -z = -2*v + 7 + 1. Is 52/z*(-6)/4 prime?
True
Suppose 638*x - 634*x = 27212. Is x a composite number?
False
Suppose -9 = -i + 15. Suppose -i = -5*t + 11. Let d(n) = 2*n**3 - 11*n**2 + 6*n - 4. Is d(t) a composite number?
True
Is (-109)/3*((1 - -3) + -451) composite?
True
Let g = -2506 - -6589. Is g prime?
False
Let q(u) = -125*u + 0 + 0 + 0 + 2. Is q(-1) a composite number?
False
Let z be 46/5 + (3 + -5)/10. Is -36*(z/(-4))/3 - -4 a prime number?
True
Let g = 561 + 233. Suppose 25*r - 23*r = g. Suppose 0 = -3*y + 4*h + r, -4*y = -2*h - 3*h - 528. Is y composite?
False
Let w = -201 + 1014. Is w composite?
True
Is (1 + -119387)*54/(-108) a composite number?
False
Let x be (-3)/(-5) - ((-17)/5 - -2). Is x*2*(-877)/(-4) a composite number?
False
Is 3382456/792 - 4/(-18) composite?
False
Let z(r) = -r**2 - 10*r + 1. Let i be z(-10). Let w be -1 + -1 - -502*i. Suppose -3*a - w = -5*h, 364 + 166 = 5*h + 3*a. Is h a composite number?
False
Is ((-4703)/7)/((-41)/287) composite?
False
Let z(q) = 5*q**3 - 106*q**2 - 69*q - 95. Let r(v) = -v**3 + 21*v**2 + 14*v + 19. Let h(w) = 11*r(w) + 2*z(w). Is h(18) a composite number?
False
Let i = -102 + 103. Is (i + -1 + -5)*(-2426)/10 a composite number?
False
Suppose 11*q - 9895 = 27384. Is q a prime number?
True
Is -66574*1*(-7)/14 a prime number?
True
Let n(y) = 3*y**2 - 11*y + 17. Suppose 6*d - 69 = -3. Is n(d) a prime number?
False
Suppose 0 = -2*u + 4*u + 5*t - 1074, -2*u - t = -1090. Is u composite?
False
Suppose 4*o - 2276 = 4*d, 11*d = -2*o + 10*d + 1150. Is o a composite number?
True
Suppose 15 = -5*r + 10. Let i = r + 8. Suppose 3*k + 2732 = i*k. Is k a prime number?
True
Let o = 3 + -11. Let f(j) = 2*j**2 - 8*j + 7. Is f(o) a composite number?
False
Let c(b) = 2*b - 11*b + 2*b**2 + 0*b - b**2 - 12. Let h be c(15). Let a = 33 + h. Is a prime?
False
Let w(l) = -849*l + 6. Let p be w(-2). Suppose 0 = -4*b + p - 16. Is b a prime number?
False
Let v = 13331 + 13574. Is v prime?
False
Let u = 23 + -7. Suppose 0 = -4*t + 8*t - u. Suppose -t*m = m - 190. Is m composite?
True
Suppose -5 + 1 = -3*d - 4*s, 0 = -3*d + 2*s + 16. Suppose 9262 = 7*z + d*z. Is z composite?
True
Suppose 0 = -6*f + 11*f - 1405. Let t = f + -143. Suppose t + 557 = 5*i. Is i composite?
False
Let o be (6/(-15))/(14/(-35)). Is (-13)/(39/(-2052)) - o a composite number?
False
Suppose 0*n = n - 5*o + 10, 5*n - 37 = -4*o. Let g(i) = i**2 - 4*i - 5. Let b be g(n). Suppose k - 3*k + 316 = b. Is k a composite number?
True
Is (205/(-15) + 15)*(-17007)/(-4) a prime number?
True
Suppose -10*f + 296 = -8*f. Suppose 5*a - 3397 = f. Is a a prime number?
True
Suppose 0 = -4*k + 4*t + 13940, 0 = t + 24 - 20. Is k composite?
True
Suppose 3*n = -0*n + 6. Suppose 4*x + 3*w - 17 = 0, -n = -3*x + 2*w + 15. Let z = 20 + x. Is z composite?
True
Let o(c) = 2*c**2 + 1. Let k be o(1). Suppose 0 = p - 3, -3246 = -3*d + 2*p + k*p. Is d a prime number?
True
Suppose 3*b - b = 3*p + 2, 2*b - 8 = 0. Let x(s) = -6*s - 9 + 29 + 3*s + 3*s**2 - s**p. Is x(9) prime?
False
Let q(m) be the second derivative of -m**5/20 + 17*m**4/12 - 5*m**3/6 + 3*m**2 - 9*m. Is q(11) composite?
False
Let z(u) = 21*u**3 - 50*u**2 - 7*u - 10. Is z(7) a prime number?
False
Is (12814 - 11 - 9)/((-4)/(-6)) composite?
True
Let b be (7 - 8)/(1/(-4)). Suppose -251 - 545 = -b*i. Let l = 282 - i. Is l a prime number?
True
Let f(c) = 140*c**3 - 3*c**2 - 21*c + 95. Is f(4) prime?
True
Let k(z) = 10*z**3 + 3*z**2 - 16*z + 59. Is k(6) prime?
False
Suppose 2584 + 1326 = 10*t. Is t a composite number?
True
Let z = 1272 - 899. Let s = 114 + z. Is s composite?
False
Let x = -1229 + 3546. Is x composite?
True
Let i = -22 + 11. Let v(o) = -68*o + 16. Let m be v(i). Is m/6 - 1/3 a composite number?
False
Suppose -4*f + 60064 = 4*s, 3*s - 6*s = 4*f - 60061. Is f a prime number?
True
Let b(a) = 1149*a + 1. Let o be b(1). Suppose 54 - o = -4*m. Is 2/(1 - m/278) prime?
True
Is (-16908)/(-10) + (-2)/(-10) a prime number?
False
Let n be (-24)/(-42) - (-232)/(-14). Is (3/2)/(8/n) + 290 a composite number?
True
Suppose -19*z + 2682049 = 169394. Is z composite?
True
Let b(o) = o**2 + o - 17. Let v be b(-10). Let x = 446 + -226. Let f = v + x. Is f a composite number?
False
Let m = 1021 + 2740. Is m a prime number?
True
Let j(b) = -236*b**3 - 3*b**2 + 21*b + 103. Is j(-5) a composite number?
False
Suppose 2*h + 2250 = 8*h. Let l = -179 + h. Let k = 387 - l. Is k a composite number?
False
Let l(s) = s - 6. Let q be l(8). Suppose -5*c + 708 = 3*j, -q*j - 559 = -4*c + 3*j. Suppose -528 = -3*a + c. Is a composite?
False
Suppose -824 = -2*y - 2*y. Let d = y - 334. Let m = d + 289. Is m prime?
False
Suppose 5*q + 144 = -4*q. Let h(a) = a**2 + 14*a + 39. Is h(q) a composite number?
False
Suppose 0 = -8*v + 107346 - 23978. Is v a prime numb